t c(q) be the first derivative of q**2/2 + 13*q - 2. Let u be 2 - (11 - (-2 - 0)). What is the units digit of c(u)?
2
Let p = -20 - -22. Suppose 0 = 2*u - 3*k + 3 - 15, 0 = -k + 2. Suppose a + u = p*a. What is the units digit of a?
9
Let r = 458 - 323. What is the units digit of r?
5
Let i(v) = 4*v**2 + v + 1. Let y(r) = 5*r**2 + r. Let d(z) = 4*i(z) - 3*y(z). Let x be d(3). Suppose -x - 17 = -3*h. What is the units digit of h?
1
Let g be -4 + 7 + 1*-1. What is the tens digit of (-1264)/(-64) - g/(-8)?
2
Let q(r) = -r**2 - 2*r + 99. What is the units digit of q(0)?
9
Suppose 39 = 4*d - 61. What is the units digit of d?
5
Let q(n) = -7*n + 34. What is the hundreds digit of q(-13)?
1
Let s(d) = -2*d + 9 + 0*d + 3*d. Let v be s(-6). Let z(k) = 4*k - 2. What is the tens digit of z(v)?
1
Let c be -1*3 - (-319)/11. What is the units digit of c - 1*(-1 + 2)?
5
Let v = -113 - -31. What is the units digit of (6 + -5)/((-2)/v)?
1
Let o = 51 - -5. Suppose x + 3*x = o. What is the tens digit of x?
1
Let n(l) = 1 - 6*l + 6*l + 9*l**2. Let f be 1/(-2) + 1/(-2). What is the units digit of n(f)?
0
Let j(t) = -25*t**3 + t**2 - 1. Let p be j(-1). Suppose 4*l - 75 = p. What is the units digit of l?
5
Let p(m) = m**2 + m. Let w(q) = 2*q**2 - 3*q + 7. Let o(h) = -h - 1. Let n be o(0). Let z(s) = n*w(s) + 3*p(s). What is the units digit of z(-8)?
9
Let i = -7 - -10. Suppose i*l = l + 68. What is the units digit of l?
4
Let i be 3*((-32)/6)/(-4). Suppose -u - 17 = -4*m + 5, i*m = 2*u + 32. Let j = 14 + u. What is the units digit of j?
4
Suppose 11*s = s + 670. What is the tens digit of s?
6
Let y be 1 - (-12)/(3 - -1). What is the units digit of 15/y - 4/(-16)?
4
Let q = 305 - 125. What is the hundreds digit of q?
1
Suppose -26 = d - 62. Suppose 0*q = -q + d. What is the units digit of q?
6
Suppose -f + 0*f = -40. Let m be 0/(2*-1) + 0. Suppose -4*c + f = 4*x - m*x, -2*c - x + 15 = 0. What is the units digit of c?
5
Let w(n) = -3*n + 1. Let s be w(-1). Suppose s*y - 6*y = -14. Suppose f - 1 = y. What is the units digit of f?
8
Let f = -7 - 0. Let j(r) = -7 - 3 - r**2 - 21*r + 6*r + 5*r. What is the units digit of j(f)?
1
Suppose 0 = 2*p, 5*p + 10 = -4*x + 50. Let v = x - 3. Let s = v + 8. What is the tens digit of s?
1
Let c be (-44)/8*(1 + -31). Suppose 0 = -2*r + 7*r - c. What is the tens digit of r?
3
Let d(a) = -a - 5. Let z be d(-9). Suppose z*p - 52 = -5*q + q, -4*p + 3*q + 59 = 0. What is the units digit of p?
4
Suppose 9*l + 0*l - 1467 = 0. What is the hundreds digit of l?
1
Let t = 2 - 3. Let q = t - -4. Suppose 0 = 4*j - 20, -4*r - q*j + 29 = -2*r. What is the units digit of r?
7
Let w be -4 - -2 - (0 + -17). What is the tens digit of 6/w - (-176)/10?
1
Suppose 3*c = 6*c - 12. Suppose -d + c = r, r - 4*d - 11 = -4*r. Suppose -r*i + 7 = -23. What is the units digit of i?
0
What is the tens digit of 2/((16/(-158))/(-4))?
7
What is the tens digit of 0 - 2/3*-213?
4
Suppose 2*v = y, -3*v + 0 + 9 = 3*y. What is the units digit of y?
2
Suppose 12*m - 441 = 9*m. What is the tens digit of m?
4
Let a(v) = -v - 1. Let j be a(-1). Let n(y) be the third derivative of y**4/24 + 5*y**3/6 - y**2. What is the units digit of n(j)?
5
Let a = -5 - -7. Suppose 3*t - a = 10. What is the units digit of t?
4
Suppose -8*t - 204 = -676. What is the tens digit of t?
5
Let l(x) = 42*x**2 - 5. What is the tens digit of l(-2)?
6
Let t(k) = 2*k - 1. Let y be t(3). Suppose 105 = y*h + 10. What is the tens digit of h?
1
Let p = 60 + -22. What is the tens digit of p?
3
Let y(x) = -x**2 + 1. Let w be y(-1). What is the units digit of (-13)/(-1) - 0 - w?
3
Let s be (-4)/(-22) - 40/(-22). Suppose 5*z - 12 = -s. What is the units digit of z?
2
What is the tens digit of 8 - 0 - 4 - -31?
3
Suppose 12 = 2*u - 2*j, -u + 22 = -3*j + 6. Let c = u - -2. What is the units digit of c?
3
What is the tens digit of 0 + (-2)/6 - (-388)/12?
3
Let z be (2 - 4) + 6/2. Let p(n) be the first derivative of n**3 + n**2/2 - 6. What is the units digit of p(z)?
4
Let l = -4 + 5. Let b be (l - 5/3)*9. What is the units digit of b/(-33) + 130/11?
2
Suppose 0 = -4*t + 4*c - 4, -3*t + 7*c - 2*c = 9. Suppose 0 = -5*m + 4*m + 12. What is the units digit of ((-2)/(-4))/(t/m)?
3
Let y be 73 + (-1 - 2)/(-3). Suppose -5*p = -3*w - y, 2*p - 4*w + 13 = 37. What is the tens digit of p?
1
Let q = 20 - 1. Suppose 5*t + q = -6. Let a = t + 11. What is the units digit of a?
6
Suppose -3*j + 0*y + 3*y + 9 = 0, 3*j + 4*y - 30 = 0. What is the units digit of j?
6
Let q = 2 + 2. Suppose 13 = -q*o + 45. Suppose 10 = 5*b + 4*f, 5*f - 5 = 3*b - o*b. What is the units digit of b?
6
Let z = 43 + -31. Suppose 2*r = -z - 0. What is the units digit of (-15)/(-21) + r/(-21)?
1
Suppose 0 = 2*n + 5 - 1. Let w = 24 - 17. Let o = w + n. What is the units digit of o?
5
Suppose 5*p + 11 = 3*b, 0 = 4*b + 5*p - 0*p - 38. Let h = 10 - b. What is the tens digit of (-1 - (-6 + h)) + 15?
1
Suppose -4*g - 5*p = -46, 3*p = -2*g - 5 + 29. What is the units digit of (-75)/(-27) + 2/g?
3
Let n(j) = 8*j + 24. Let x be n(-10). Let d = 104 + x. What is the units digit of d?
8
Let b(d) = d**2 + 14*d - 17. What is the units digit of b(5)?
8
Let d(v) = 28*v + 4. Let s be d(6). Let t = -73 + s. What is the units digit of 2/4 + t/6?
7
Suppose -111 = -3*s + 3*b, -62 - 47 = -3*s + 2*b. What is the units digit of s?
5
What is the tens digit of (354/(-7))/(-3) - 18/(-126)?
1
Let a = 8 + -7. Let r be 3*((3 - 3) + a). What is the tens digit of 12 - (-2)/r*-3?
1
Let d(u) = u**2 - 5*u + 6. Let t be d(4). Let q be 1 + (-4 + t - -6). Suppose 5*i + 12 = 2*p, -q*p = i - 34 + 4. What is the units digit of p?
6
Let h = 66 - 30. What is the tens digit of h?
3
Suppose -12 = 5*w - 37. Suppose 3*g = w*g. Suppose -24 = -3*z - g*z. What is the units digit of z?
8
Let m = 1 - -4. Suppose 3*a + 4*i = 27, -2*i = -m*i. What is the units digit of a?
9
Let o(d) = 2*d**2 + 2*d - 2. Let m be o(-2). Suppose -t - 2*q - 8 = 0, m*q = -3*t - 3 - 5. Suppose 5*u = -t*u + 30. What is the units digit of u?
6
Let g be 10/1*(-3)/(-6). Suppose -2*k = -g - 35. What is the units digit of 24/k*(-10)/(-4)?
3
Let f(x) = 92*x**3 - 1. What is the units digit of f(1)?
1
Suppose 153 = 5*o - 162. What is the tens digit of o?
6
What is the units digit of 3/2 + 24/16?
3
Let f be -6*-1*1/3. Suppose -t = -3*s + 1, -5*t + 75 = -0*t + s. Suppose t = -0*a + f*a. What is the units digit of a?
7
Suppose -4*z + 120 = 2*u, 0 = 8*u - 9*u + 2*z + 52. What is the units digit of u?
6
Let h(m) = m**2 + 2*m + 4. What is the units digit of h(7)?
7
Let p = 33 + 6. What is the units digit of p?
9
Suppose -286 = -2*l - 30. What is the tens digit of l?
2
Let p be ((-2)/4)/((-2)/(-12)). What is the units digit of 18/4*(-16)/p?
4
Suppose 0 = -2*f - 4*f + 312. What is the tens digit of f?
5
Let v be -5 + (-1 - -3) - -55. What is the tens digit of v/2 - (1 + 0)?
2
Let v be ((-6)/8)/(1/(-16)). Suppose 2*w + w = -24. Let y = w + v. What is the units digit of y?
4
Let r = -3 - -7. Suppose 2*x = 4*s - 22, -r*s - 2*x - 2*x - 8 = 0. Let i = s - -2. What is the units digit of i?
5
Suppose 6*a = 3*a + 255. What is the units digit of a?
5
Suppose 3*m + r + 59 = 0, 5*r - 20 = -0*r. Let w = -100 - -91. Let i = w - m. What is the units digit of i?
2
Let v = 114 + -70. What is the units digit of v?
4
Let k(i) = 10*i - 5. Let w be k(5). Suppose -2*f = -7*f + w. Suppose 4 = -2*z, 0*z + z + f = v. What is the units digit of v?
7
Let x = -7 - -20. What is the tens digit of x?
1
What is the units digit of (13/4)/(2/24)?
9
What is the units digit of (6/10)/((-1)/(-15))?
9
Suppose -3*j + 3 + 3 = 0. Suppose -3*k = -12, -j*z + 32 = 2*z + 3*k. What is the units digit of z?
5
Let u(r) = -r**2 - 10*r + 8. Suppose -17 = 3*v + f, v + 5*f - 1 - 12 = 0. What is the units digit of u(v)?
9
Let m = 71 - 36. What is the tens digit of m?
3
Let w = -22 - -52. What is the units digit of w?
0
Let w(t) = 4*t**2 + 3*t**3 - 4*t**3 + 10 + 11*t + 6*t**2. What is the tens digit of w(11)?
1
Let i = 3 + -3. Let n be 1*i/(6/3). Suppose 2*d - 5*t - 8 = n, -2*d - 2*t + 5 = -3. What is the units digit of d?
4
Let h be 1*(6 - (-1 + 1)). Suppose -5*f + h = -2*f. What is the units digit of (9 - f) + 1 - 2?
6
Suppose 6 + 6 = -2*y. Suppose 0*h - 70 = -5*h - 4*w, -3*h + w = -25. Let k = h + y